{"id":71,"date":"2026-04-09T20:04:04","date_gmt":"2026-04-09T20:04:04","guid":{"rendered":"https:\/\/cardinity.pl\/?post_type=product&#038;p=71"},"modified":"2026-04-25T07:35:36","modified_gmt":"2026-04-25T07:35:36","slug":"karty-test-kopia-3","status":"publish","type":"product","link":"https:\/\/cardinity.pl\/?product=karty-test-kopia-3","title":{"rendered":"Hobby box &#8211; karty pi\u0142karskie SportZoo PKO BP Ekstraklasa 2025\/26 Halftime"},"content":{"rendered":"<p><b>Ka\u017cdy Hobby box zawiera:\u00a0<\/b>17x zestaw podstawowy, 2x zestaw podstawowy &#8211; Vintage Copper x\/25<\/p>\n<p><b>Wszystkie karty z autografami oraz memorabilia s\u0105 umieszczone w magnetycznych holderach.<\/b><\/p>\n<p><b>W Hobby boxie<\/b>\u00a0znajduj\u0105 si\u0119 dodatkowo jeszcze\u00a0<b>3 karty<\/b>, kt\u00f3rymi mog\u0105 by\u0107:<\/p>\n<ul>\n<li aria-level=\"1\"><b>limitowana wersja zestawu podstawowego<\/b>\u00a0Vintage Copper x\/25, Amber Gold x\/10 lub Ebony Black 1of1<\/li>\n<li aria-level=\"1\"><b>karta z oryginalnym autografem zawodnika<\/b>\u00a0Q&amp;A &#8211; Gold Auto x\/6, Magic Gloves &#8211; Silver Auto x\/25 lub Magic Gloves memorabilia &#8211; Gold Auto x\/12<b>\u00a0z r\u0119kawic\u0105 bramkarsk\u0105 umieszczon\u0105 bezpo\u015brednio w karcie<\/b><\/li>\n<li aria-level=\"1\"><b>podpisana karta nawet dw\u00f3ch zawodnik\u00f3w<\/b>\u00a0Team Synergy duo &#8211; Gold Auto x\/18, Booklet Team Synergy duo &#8211; Auto x\/9\u00a0<b>w formie ma\u0142ej ksi\u0105\u017ceczki<\/b>,\u00a0<b>karta z autografem i fragmentem u\u017cywanego materia\u0142u<\/b>\u00a0Halftime HIGHLIGHTS Memorabilia &#8211; Gold Auto x\/12 lub Gold Auto x\/6<\/li>\n<\/ul>\n<p>Proporcje rozmieszczenia kart w Hobby boxie znajduj\u0105 si\u0119 na do\u0142\u0105czonym obrazie w podgl\u0105dzie produktu.<\/p>\n","protected":false},"excerpt":{"rendered":"<p>Premium box z kartami Ekstraklasy zawieraj\u0105cy zestaw podstawowy, limitowane paralelki oraz szans\u0119 na trafienie autograf\u00f3w i kart memorabilia \u26bd\ud83d\udc8e<\/p>\n","protected":false},"featured_media":134,"comment_status":"open","ping_status":"closed","template":"","meta":[],"product_brand":[18],"product_cat":[44,62,50,66,51,57,49,47],"product_tag":[],"class_list":{"0":"post-71","1":"product","2":"type-product","3":"status-publish","4":"has-post-thumbnail","6":"product_brand-fifa","7":"product_cat-pilka-nozna","8":"product_cat-boxy-kategorie","9":"product_cat-boxy","10":"product_cat-ekstraklasa","11":"product_cat-paczki","12":"product_cat-sportzoo-ekstraklasa","13":"product_cat-wszystkie-produkty","14":"product_cat-autografy","16":"first","17":"instock","18":"shipping-taxable","19":"purchasable","20":"product-type-simple"},"_links":{"self":[{"href":"https:\/\/cardinity.pl\/index.php?rest_route=\/wp\/v2\/product\/71","targetHints":{"allow":["GET"]}}],"collection":[{"href":"https:\/\/cardinity.pl\/index.php?rest_route=\/wp\/v2\/product"}],"about":[{"href":"https:\/\/cardinity.pl\/index.php?rest_route=\/wp\/v2\/types\/product"}],"replies":[{"embeddable":true,"href":"https:\/\/cardinity.pl\/index.php?rest_route=%2Fwp%2Fv2%2Fcomments&post=71"}],"wp:featuredmedia":[{"embeddable":true,"href":"https:\/\/cardinity.pl\/index.php?rest_route=\/wp\/v2\/media\/134"}],"wp:attachment":[{"href":"https:\/\/cardinity.pl\/index.php?rest_route=%2Fwp%2Fv2%2Fmedia&parent=71"}],"wp:term":[{"taxonomy":"product_brand","embeddable":true,"href":"https:\/\/cardinity.pl\/index.php?rest_route=%2Fwp%2Fv2%2Fproduct_brand&post=71"},{"taxonomy":"product_cat","embeddable":true,"href":"https:\/\/cardinity.pl\/index.php?rest_route=%2Fwp%2Fv2%2Fproduct_cat&post=71"},{"taxonomy":"product_tag","embeddable":true,"href":"https:\/\/cardinity.pl\/index.php?rest_route=%2Fwp%2Fv2%2Fproduct_tag&post=71"}],"curies":[{"name":"wp","href":"https:\/\/api.w.org\/{rel}","templated":true}]}}